, 47
What are the prime factors of 1683?
3, 11, 17
What are the prime factors of 15150?
2, 3, 5, 101
What are the prime factors of 147642?
2, 3, 11, 2237
List the prime factors of 21670.
2, 5, 11, 197
What are the prime factors of 143922?
2, 3, 17, 83
List the prime factors of 11397.
3, 29, 131
List the prime factors of 8959.
17, 31
List the prime factors of 3686.
2, 19, 97
List the prime factors of 6280.
2, 5, 157
List the prime factors of 4099.
4099
What are the prime factors of 54998?
2, 107, 257
What are the prime factors of 13184?
2, 103
What are the prime factors of 1421?
7, 29
List the prime factors of 15090.
2, 3, 5, 503
What are the prime factors of 79853?
47, 1699
What are the prime factors of 74710?
2, 5, 31, 241
What are the prime factors of 25360?
2, 5, 317
List the prime factors of 68653.
13, 5281
What are the prime factors of 98714?
2, 7, 11, 641
List the prime factors of 48382.
2, 17, 1423
List the prime factors of 36686.
2, 13, 17, 83
What are the prime factors of 28002?
2, 3, 13, 359
What are the prime factors of 9378?
2, 3, 521
What are the prime factors of 3140?
2, 5, 157
List the prime factors of 17325.
3, 5, 7, 11
What are the prime factors of 6380?
2, 5, 11, 29
List the prime factors of 857.
857
What are the prime factors of 869?
11, 79
List the prime factors of 801.
3, 89
What are the prime factors of 8041?
11, 17, 43
What are the prime factors of 18705?
3, 5, 29, 43
What are the prime factors of 8686?
2, 43, 101
What are the prime factors of 107040?
2, 3, 5, 223
What are the prime factors of 80078?
2, 40039
List the prime factors of 38492.
2, 9623
What are the prime factors of 8313?
3, 17, 163
List the prime factors of 5405.
5, 23, 47
List the prime factors of 124058.
2, 11, 5639
What are the prime factors of 37028?
2, 9257
List the prime factors of 587.
587
What are the prime factors of 11911?
43, 277
List the prime factors of 14375.
5, 23
What are the prime factors of 13533?
3, 13, 347
What are the prime factors of 153310?
2, 5, 15331
List the prime factors of 11018.
2, 7, 787
List the prime factors of 54806.
2, 67, 409
List the prime factors of 17786.
2, 8893
What are the prime factors of 246?
2, 3, 41
What are the prime factors of 2076?
2, 3, 173
List the prime factors of 7727.
7727
What are the prime factors of 120203?
71, 1693
What are the prime factors of 829?
829
What are the prime factors of 8143?
17, 479
List the prime factors of 383.
383
List the prime factors of 92380.
2, 5, 31, 149
What are the prime factors of 12516?
2, 3, 7, 149
List the prime factors of 31027.
19, 23, 71
What are the prime factors of 2600?
2, 5, 13
List the prime factors of 1698.
2, 3, 283
What are the prime factors of 28366?
2, 13, 1091
What are the prime factors of 24065?
5, 4813
What are the prime factors of 10015?
5, 2003
What are the prime factors of 8416?
2, 263
List the prime factors of 466.
2, 233
List the prime factors of 6151.
6151
What are the prime factors of 7928?
2, 991
What are the prime factors of 37945?
5, 7589
List the prime factors of 841.
29
What are the prime factors of 24301?
19, 1279
List the prime factors of 11235.
3, 5, 7, 107
What are the prime factors of 68229?
3, 7, 19
List the prime factors of 2635.
5, 17, 31
What are the prime factors of 19527?
3, 23, 283
List the prime factors of 86.
2, 43
List the prime factors of 7699.
7699
What are the prime factors of 20228?
2, 13, 389
List the prime factors of 66577.
7, 9511
List the prime factors of 183.
3, 61
What are the prime factors of 28099?
28099
What are the prime factors of 16019?
83, 193
What are the prime factors of 351?
3, 13
What are the prime factors of 4189?
59, 71
What are the prime factors of 1582?
2, 7, 113
List the prime factors of 14357.
7, 293
List the prime factors of 53062.
2, 43, 617
What are the prime factors of 23048?
2, 43, 67
List the prime factors of 156828.
2, 3, 7, 1867
What are the prime factors of 93618?
2, 3, 7, 743
List the prime factors of 4046.
2, 7, 17
What are the prime factors of 2731?
2731
What are the prime factors of 9093?
3, 7, 433
List the prime factors of 526.
2, 263
What are the prime factors of 3733?
3733
What are the prime factors of 962?
2, 13, 37
What are the prime factors of 60709?
11, 5519
List the prime factors of 40019.
7, 5717
List the prime factors of 113827.
7, 23, 101
What are the prime factors of 4469?
41, 109
List the prime factors of 354.
2, 3, 59
List the prime factors of 38643.
3, 11, 1171
List the prime factors of 23865.
3, 5, 37, 43
What are the prime factors of 111?
3, 37
What are the prime factors of 2451?
3, 19, 43
List the prime factors of 21116.
2, 5279
What are the prime factors of 888?
2, 3, 37
What are the prime factors of 17512?
2, 11, 199
What are the prime factors of 3483?
3, 43
What are the prime factors of 498?
2, 3, 83
What are the prime factors of 4702?
2, 2351
List the prime factors of 31771.
31771
List the prime factors of 1771.
7, 11, 23
List the prime factors of 15973.
15973
What are the prime factors of 13984?
2, 19, 23
What are the prime factors of 42?
2, 3, 7
List the prime factors of 33422.
2, 17, 983
List the prime factors of 731.
17, 43
What are the prime factors of 7824?
2, 3, 163
List the prime factors of 48847.
48847
List the prime factors of 4794.
2, 3, 17, 47
What are the prime factors of 468?
2, 3, 13
What are the prime factors of 3490?
2, 5, 349
What are the prime factors of 9280?
2, 5, 29
What are the prime factors of 7378?
2, 7, 17, 31
List the prime factors of 8789.
11, 17, 47
What are the prime factors of 1389?
3, 463
What are the prime factors of 7311?
3, 2437
What are the prime factors of 1970?
2, 5, 197
List the prime factors of 6161.
61, 101
What are the prime factors of 1103?
1103
List the prime factors of 391.
17, 23
What are the prime factors of 1982?
2, 991
List the prime factors of 169098.
2, 3, 28183
List the prime factors of 594.
2, 3, 11
What are the prime factors of 366?
2, 3, 61
What are the prime factors of 53789?
19, 149
What are the prime factors of 2983?
19, 157
List the prime factors of 15265.
5, 43, 71
List the prime factors of 2342.
2, 1171
List the prime factors of 10765.
5, 2153
List the prime factors of 21849.
3, 7283
List the prime factors of 6912.
2, 3
List the prime factors of 7771.
19, 409
What are the prime factors of 12454?
2, 13, 479
List the prime factors of 40061.
7, 59, 97
List the prime factors of 3944.
2, 17, 29
List the prime factors of 2661.
3, 887
List the prime factors of 982.
2, 491
List the prime factors of 2146.
2, 29, 37
List the prime factors of 3907.
3907
List the prime factors of 7926.
2, 3, 1321
What are the prime factors of 8874?
2, 3, 17, 29
List the prime factors of 4758.
2, 3, 13, 61
List the prime factors of 53586.
2, 3, 13, 229
List the prime factors of 10604.
2, 11, 241
What are the prime factors of 8611?
79, 109
What are the prime factors of 956?
2, 239
What are the prime factors of 26266?
2, 23, 571
List the prime factors of 718.
2, 359
List the prime factors of 1682.
2, 29
List the prime factors of 1701.
3, 7
What are the prime factors of 9508?
2, 2377
What are the prime factors of 151690?
2, 5, 7, 11, 197
What are the prime factors of 815?
5, 163
List the prime factors of 5256.
2, 3, 73
What are the prime factors of 1036?
2, 7, 37
What are the prime factors of 1649?
17, 97
List the prime factors of 1061.
1061
What are the prime factors of 25825?
5, 1033
List the prime factors of 11296.
2, 353
List the prime factors of 221.
13, 17
List the prime factors of 101415.
3, 5, 6761
What are the prime factors of 3307?
3307
List the prime factors of 19612.
2, 4903
List the prime factors of 24594.
2, 3, 4099
What are the prime factors of 74040?
2, 3, 5, 617
List the prime factors of 31418.
2, 23, 683
List the prime factors of 31123.
31123
List the prime factors of 34042.
2, 17021
List the prime factors of 9700.
2, 5, 97
List the prime factors of 80258.
2, 40129
What are the prime factors of 101?
101
What are the prime factors of 8168?
2, 1021
What are the prime factors of 2216?
2, 277
List the prime factors of 1705.
5, 11, 31
What are the prime factors of 38059?
7, 5437
What are the prime factors of 2515?
5, 503
List the prime factors of 2725.
5, 109
List the prime factors of 3428.
2, 857
List the prime factors of 7